- 130. Calculate the remainder when 124 is divided by g(l).
36
Suppose 2*v + 3*f - 21 = 0, 3*f + 2*f - 5 = 0. What is the remainder when 2/9 + 1176/54 is divided by (v/(-5) - 1)*-5?
8
Suppose 2*x + 13 - 41 = -2*i, 3*x - 5*i = 10. What is the remainder when 15 + 5816/52 + (-4)/(-26) is divided by x?
7
Suppose -2*h - 158 = -4*s, 11*h = -4*s + 7*h + 188. Calculate the remainder when 4156 is divided by s.
40
Let r = 4033 + -2425. Let f(l) = l**3 - 59*l**2 - 94*l - 1662. Calculate the remainder when r is divided by f(61).
44
Let n(d) = d**2 - 5*d + 2. Let s be n(9). Calculate the remainder when (32/(-6))/4*(-171)/s is divided by 6.
0
Let h = -1133 + 1261. What is the remainder when h is divided by (4/(-8))/(1/(-26))?
11
Let w(l) = -l**3 - 14*l**2 - 24*l - 17. Let p be w(-10). Let m = 222 + p. Calculate the remainder when m is divided by 14.
3
Suppose -459*l + 461*l - 2274 = -5*m, -m = -3*l + 3445. Calculate the remainder when l is divided by 16.
11
Suppose s = -4*h + 19893, -623*s + 626*s + 5*h - 59637 = 0. What is the remainder when s is divided by 92?
89
Let v(k) = -k**3 - 16*k**2 + 216*k - 107. Calculate the remainder when v(-27) is divided by 49.
22
Let a(j) = 2*j**2 - 112*j + 140. Calculate the remainder when a(58) is divided by 133.
106
Let h(q) = 17*q + 55. Let u be h(-2). Suppose -286 = -u*s - s. Let v(o) = -o**3 + 5*o**2 - 2*o - 1. Calculate the remainder when s is divided by v(3).
2
Let t(n) = -n**3 - 12*n**2 + 20*n + 8. Let i be t(-14). Suppose -4*r - k = 3*k - i, -r + 48 = -5*k. Calculate the remainder when r is divided by 3.
0
What is the remainder when 345 is divided by -63 + 156 - (-1)/((-2)/(-20))?
36
Suppose 0 = b - 3*b + h + 697, -2*b - h = -707. Suppose -5*z - 109 = 3*m - b, 1 = z. Let n = m - 61. Calculate the remainder when 52 is divided by n.
16
Let t be 3*-17 + 4 + -8. Let z = -44 - t. Suppose -154 = -5*p - 54. Calculate the remainder when p is divided by z.
9
Let m(q) = -5*q. Let f = 58756 - 58217. What is the remainder when f is divided by m(-4)?
19
Let y(a) = 2*a**3 + 54*a**2 - 58*a - 36. Let v = 116 - 37. Calculate the remainder when v is divided by y(-28).
19
Let h be (625/10)/5 - (-1)/(-2). Let n be (-1 - -40)*(-4)/h*-4. Let t = 77 - n. What is the remainder when 72 is divided by t?
22
Let q(o) = 3*o**3 - o**2 + 2. Let s be q(1). Suppose -5*b = 3*n - s*b - 1385, -n - 2*b = -465. What is the remainder when n is divided by 14?
13
Let k = 5015 - 4887. What is the remainder when k is divided by 78?
50
Suppose 3*j + 2*o = 15, -4*j + 105*o - 100*o + 43 = 0. Calculate the remainder when 1052 is divided by j.
2
Suppose 142*p - 261109 = 11105. Calculate the remainder when p is divided by 137.
136
Let g(o) = -7*o + 26. Let p be g(4). What is the remainder when (80/24)/(p/(-39)) - 3 is divided by 33?
29
Suppose 0 = -3*t + t - 3*y + 240, 5*t - 575 = 5*y. Suppose -t - 63 = -9*s. Suppose -119 = -s*w + 13*w. Calculate the remainder when w is divided by 9.
8
Suppose -10*c + 8*c + 1418 = -5*y, 5*c - 3579 = 4*y. Calculate the remainder when c is divided by 24.
23
Let x be (60/(-42))/(1/(-119)). Calculate the remainder when 8 is divided by 1/7 + (x/35 - -2).
1
Let n(x) = x**2 + x + 2. Suppose 2*d - 80 = -20. Let g be (-4)/(-2) + d/(-5). Calculate the remainder when n(g) is divided by 8.
6
Suppose -2*k + 10 = -d, 5 + 0 = -d + 3*k. Let t = -43 - -89. Calculate the remainder when t is divided by 20 - (42/35)/((-6)/d).
14
Suppose -547*k + 543*k = -3*v + 45, -v + 5*k = 18. Let j(a) = -3*a - 4. Let y be j(-3). What is the remainder when v is divided by (-7)/(-10)*4*y?
13
Let n(g) = g**2 + 11*g - 9. Let f(b) = -4*b**3 + 21*b**2 - 3*b - 8. What is the remainder when f(4) is divided by n(-12)?
0
Let h(k) = 5*k - 6. Let f = 193 - 199. Let d = 175 + f. What is the remainder when d is divided by h(5)?
17
Calculate the remainder when 30/(-12)*68616/(-45) is divided by 123.
122
Let u(v) = -5*v**3 - v**2 - v + 2. Let o be u(-3). Suppose 3*k - 5*w - 223 = k, k + 4*w = o. What is the remainder when k is divided by 11?
9
Suppose 86*f = 79*f + 7. Suppose -83 + 395 = 3*b + 3*d, -3*b + 320 = 5*d. Calculate the remainder when b is divided by 13 - ((3 - 2) + (f - 6)).
15
Let h = 52172 + -52118. Suppose -55 = -7*v + 2*v. Calculate the remainder when h is divided by v.
10
Suppose 4*l + t = 583, -104 = 2*l - 3*t - 399. Suppose -2*q - 4*i = -6, -58*q + 3*i - 42 = -62*q. Calculate the remainder when l is divided by q.
11
Let k be ((-21)/15 - -1)*685/1. Let l = -209 - k. Calculate the remainder when 186 is divided by l.
56
Let s = 180 + -600. Calculate the remainder when 172/(-6)*s/40 is divided by 62.
53
Suppose 4*f = 2*a - 242, 93*a = 95*a - 3*f - 251. Calculate the remainder when 28769 is divided by a.
135
Suppose 789*f + 5 = 790*f, -u - 3*f = -236. Calculate the remainder when u is divided by 156.
65
Let w = -3827 - -4308. Calculate the remainder when w is divided by 61.
54
Calculate the remainder when 513 is divided by (-240)/10 + (-1337)/(-7).
12
Let v(d) = -79*d - 2577. Calculate the remainder when 1539 is divided by v(-33).
9
Let l(g) = g**2 - 34*g + 70. Let k be l(32). Suppose 9*f - k*f - 75 = -4*i, 0 = -2*i - 3*f + 45. Calculate the remainder when 37 is divided by i.
7
Suppose s + 4*o = 56, 2 = 4*o - 2. What is the remainder when ((-1)/(-2)*75)/(18/60) is divided by s?
21
Suppose -28 = 5*u - 103. Let h be (-3)/9 + (-5)/((-30)/1946). Suppose 326*c = h*c + 134. Calculate the remainder when c is divided by u.
7
Let j = -626 - -626. Let x be -2 + 74*1/2. Suppose 5*u - 45 - x = j. What is the remainder when 39 is divided by u?
7
Suppose 0 = 53756*b - 53744*b - 336. What is the remainder when 2575 is divided by b?
27
Suppose 39 + 6 = 3*o. Let d = o - -32. Suppose -2*t + d = l, l = 5*t - 55 - 59. Calculate the remainder when t is divided by 4.
3
Let c(n) = -n**3 - 22*n + 0*n**3 - 29 + 37 + 10*n + 9*n**2. Calculate the remainder when c(6) is divided by 16.
12
Let h = -2213 + 2344. What is the remainder when 226 is divided by h?
95
Suppose 14*n - 17*n = 26*n - 348. Let b = 10 - 5. Suppose -4*t + 5*o + 213 = 0, -52 = 4*t - b*t + o. Calculate the remainder when t is divided by n.
11
Let i be (-11541)/(-9) + 6/(-18). Let k = i - 835. Calculate the remainder when k is divided by 25.
22
Let c(z) = 36*z**3 + z**2 - 2*z + 2. Let x = 39 - 38. Let y be c(x). Suppose -2*b = -3 - y. Calculate the remainder when 97 is divided by b.
17
What is the remainder when (-168)/(-112)*148/6 is divided by 25?
12
Let m = -218718 + 218723. What is the remainder when ((-24)/(-9))/((-2)/(-84)) is divided by m?
2
Suppose -2*b = -5*y - 123, 3*b + 2*y = 7*y + 172. Let r(v) = -17*v**3 - v**2 - 19*v - 29. What is the remainder when r(-2) is divided by b?
43
Let w = 10294 + -9764. What is the remainder when 4240 is divided by w?
0
Let y = -9140 - -9156. Calculate the remainder when 1962 is divided by y.
10
Suppose -2*r = 2*h - 234, -h - 5*r + 107 = -9*r. What is the remainder when h is divided by 45?
25
Let b = -19 - -31. Suppose -5*s = -b - 213. Let p(k) = k + 19. Calculate the remainder when s is divided by p(6).
20
Let j(i) = 25*i**2 + 129*i + 643. What is the remainder when j(-5) is divided by 25?
23
Let q = -2889 + 3254. What is the remainder when q is divided by 12?
5
Suppose 117*z = 110*z + 798. Suppose -5*v - 3*r + r = -z, -3*v + 60 = -3*r. Suppose -3*c + 2*c + 41 = 0. What is the remainder when c is divided by v?
19
Suppose 71 = -8*a + 159. Suppose a = r - 5*f, r = -13*f + 8*f + 21. What is the remainder when 19 is divided by r?
3
Let v = 4151 + -4103. What is the remainder when v is divided by 17?
14
Let q be (-296)/56 + (-4)/(-14) - 316. Let f = q + 445. What is the remainder when f is divided by 63?
61
Suppose 92*o = 101*o - 3879. Let b = o - 381. What is the remainder when 110 is divided by b?
10
Suppose -252 = 145*t - 187*t. What is the remainder when 4735 is divided by t?
1
Let h be -1 - (-90)/21 - 2/7. Let y(q) = 2 - 3 + 15*q + 3 + 10*q. What is the remainder when y(h) is divided by 27?
23
Calculate the remainder when 6/(-9)*-3 - (-154)/7 is divided by ((-4)/(-7))/((38/56)/19).
8
Let v(u) = 73*u - 29. Let y(r) = r**3 - 2*r + 26. Calculate the remainder when v(6) is divided by y(4).
81
Let v(l) = 2*l**2 - 82*l - 1354. Let b be (-4)/((1 - 2)*1). Suppose 2*k - 30 = -b. What is the